t is -1000010 + -11?
-1000101
In base 12, what is 104 - 2?
102
In base 9, what is 3 + -30?
-26
In base 4, what is -2 + -233222?
-233230
In base 4, what is 31223 + 11?
31300
In base 6, what is -5 + -5?
-14
In base 6, what is -4 - 4214?
-4222
In base 5, what is -2 - -221?
214
In base 7, what is 10 - -654?
664
In base 16, what is 4 - ea?
-e6
In base 8, what is 3 - -160?
163
In base 3, what is -2 - 11222?
-12001
In base 13, what is -17c - 2?
-181
In base 8, what is 27 + 70?
117
In base 2, what is 11110100 + 10?
11110110
In base 5, what is 400 - 102?
243
In base 11, what is -a8 + -18?
-115
In base 15, what is b + -4ee?
-4e3
In base 13, what is 0 + 92?
92
In base 8, what is -222 + 0?
-222
In base 2, what is 1100010010 + 11?
1100010101
In base 13, what is 185 - 4?
181
In base 3, what is -1001102 - -12?
-1001020
In base 5, what is -2331 + -13?
-2344
In base 6, what is 0 + 40435?
40435
In base 14, what is 5 + a7?
ac
In base 5, what is -11 + -331?
-342
In base 11, what is 6 - 12?
-7
In base 14, what is 3 + -1838?
-1835
In base 7, what is -420 + 165?
-222
In base 14, what is -d2c + b?
-d21
In base 13, what is 84 + -58?
29
In base 12, what is -4 + -121?
-125
In base 4, what is 120 - 33?
21
In base 11, what is 166 - 9?
158
In base 8, what is 1 - 1107?
-1106
In base 16, what is 4 - 1f?
-1b
In base 13, what is 501 - -3?
504
In base 14, what is -1 + -288?
-289
In base 5, what is -323 - -34?
-234
In base 15, what is -12 + 59?
47
In base 4, what is -10 + -22?
-32
In base 2, what is -100 + 0?
-100
In base 4, what is 332 - 12?
320
In base 8, what is 32 + 3?
35
In base 8, what is 0 - 121?
-121
In base 9, what is -3 + 11?
7
In base 2, what is -101 - -11000001111?
11000001010
In base 5, what is -4 - 114?
-123
In base 9, what is 136 + 2?
138
In base 5, what is -33 + -2?
-40
In base 9, what is 4153 - 1?
4152
In base 14, what is c - a?
2
In base 8, what is 43 - -27?
72
In base 15, what is 388 - -2?
38a
In base 11, what is 23 - -7?
2a
In base 10, what is -260 + 1?
-259
In base 10, what is -571 + 2?
-569
In base 5, what is 10 + 12340?
12400
In base 3, what is -2022 + -1222?
-11021
In base 11, what is 61 + -4?
58
In base 13, what is -5 - -694?
68c
In base 6, what is -54 + -32?
-130
In base 4, what is 1 + 1020200?
1020201
In base 12, what is 4 - 4a?
-46
In base 6, what is 1 + -3410?
-3405
In base 6, what is -20 - 350?
-410
In base 6, what is -5 - 21?
-30
In base 9, what is -4 + -3554?
-3558
In base 7, what is 0 - 230?
-230
In base 12, what is a - -1b6?
204
In base 2, what is 101 - 101?
0
In base 11, what is 1250 + 0?
1250
In base 2, what is -101 - -1100000011?
1011111110
In base 9, what is 60 + -5?
54
In base 7, what is -2661 + 3?
-2655
In base 14, what is -72 + 6?
-6a
In base 11, what is -a687 + -1?
-a688
In base 16, what is -4 + -157?
-15b
In base 7, what is 22 - -2662?
3014
In base 12, what is 11 - -168?
179
In base 16, what is -4e - 45?
-93
In base 8, what is -32 - -20?
-12
In base 9, what is 1 - -17?
18
In base 13, what is -26 - 34?
-5a
In base 7, what is -15 + 25?
10
In base 11, what is 2227 + 1?
2228
In base 16, what is 9b + -3?
98
In base 14, what is -7 + -135?
-13c
In base 4, what is -233 + 23?
-210
In base 7, what is -1 + 114?
113
In base 16, what is -7a - -30?
-4a
In base 11, what is -491 - 13?
-4a4
In base 9, what is 15 - 545?
-530
In base 14, what is 4 - -351?
355
In base 5, what is 3 + -1120?
-1112
In base 4, what is 1021 - 1?
1020
In base 15, what is -1875 + -4?
-1879
In base 8, what is 5 + -13507?
-13502
In base 8, what is 4 + 233?
237
In base 9, what is 2883 - 0?
2883
In base 9, what is -8 - -281?
272
In base 15, what is 60 + 1?
61
In base 12, what is -6074 - 2?
-6076
In base 13, what is -38 - -30?
-8
In base 6, what is 222 - -1?
223
In base 2, what is 110000011111 + 1?
110000100000
In base 5, what is 3403 + -1?
3402
In base 2, what is -11 + -100000?
-100011
In base 11, what is -5 - 2?
-7
In base 2, what is -100001111100 - 100?
-100010000000
In base 12, what is 1 + -62?
-61
In base 15, what is -187 + 17?
-170
In base 2, what is 1000101001 + 1010?
1000110011
In base 16, what is -f4 + 13?
-e1
In base 10, what is 20 - 19?
1
In base 5, what is 2 + 1024?
1031
In base 12, what is 1 + -4a?
-49
In base 16, what is 2 - -53?
55
In base 4, what is 12203 - 10?
12133
In base 11, what is 4 + 0?
4
In base 3, what is -111 + 10?
-101
In base 6, what is -120 + 1?
-115
In base 2, what is 0 + -1100000000?
-1100000000
In base 2, what is 111110111100 + -100?
111110111000
In base 3, what is -1120 + -200?
-2020
In base 16, what is d7 + 8?
df
In base 13, what is 2 + -35b?
-359
In base 14, what is -ca + -5?
-d1
In base 16, what is e - -2?
10
In base 3, what is -2 + 110112?
110110
In base 9, what is 0 - -2?
2
In base 8, what is -13324 - 1?
-13325
In base 4, what is 22322 + -10?
22312
In base 15, what is 5 - -c5?
ca
In base 10, what is 717 - 4?
713
In base 4, what is -3012202 + -1?
-3012203
In base 15, what is 3 + 3e?
42
In base 6, what is 10 + -40?
-30
In base 4, what is -30102 + -11?
-30113
In base 13, what is 9 + -7a?
-71
In base 16, what is 1 + 40?
41
In base 11, what is -273 - -20?
-253
In base 13, what is -2489 + 4?
-2485
In base 15, what is 38 - 7?
31
In base 13, what is -1 - -333?
332
In base 16, what is 320 - -8?
328
In base 15, what is -43a + -2?
-43c
In base 4, what is -101 + -1103?
-1210
In base 2, what is -1100011101 + 10101?
-1100001000
In base 15, what is -5 - -10?
a
In base 13, what is -3 - -4b?
48
In base 4, what is -221 - 11?
-232
In base 7, what is 236 - 3?
233
In base 8, what is 230 - -3?
233
In base 9, what is 12 + -6?
5
In base 9, what is -4 + -100?
-104
In base 12, what is 4224 + -1?
4223
In base 9, what is -31 + -485?
-526
In base 14, what is da - 7?
d3
In base 15, what is -190 + -2?
-192
In base 15, what is e5e + 1?
e60
In base 16, what is -4 + 22?
1e
In base 5, what is 123 + 3?
131
In base 15, what is 7 - -b?
13
In base 12, what is -5 + -1b8b?
-1b94
In base 3, what is -10011102 - 1?
-10011110
In base 3, what is -2102112 - 10?
-2102122
In base 3, what is 222121 + 1?
222122
In base 10, what is 10 + -94?
-84
In base 7, what is -25 + 252?
224
In base 3, what is -10000 - -12?
-2211
In base 6, what is 253 + -5?
244
In base 3, what is -1210100 + 11?
-1210012
In base 3, what is -2 + 1020?
1011
In base 14, what is -3 - 43?
-46
In base 10, what is 5 - -136?
141
In base 11, what is -5 + -4a?
-54
In base 13, what is 0 - -113?
113
In base 13, what is 13a6 + 2?
13a8
In base 2, what is 11110001 - -100?
11110101
In base 15, what is -1 + -7d?
-7e
In base 4, what is 1132 - -12?
1210
In base 3, what is -2 + 110222020?
110222011
In base 4, what is -2130 - -122?
-2002
In base 5, what is -401 - 2?
-403
In base 16, what is 258 - -3?
25b
In base 3, what is 220010 + 1?
220011
In base 7, what is 12 + -3315?
-3303
In base 4, what is 22 - 320022?
-320000
In base 5, what is 12041 - 3?
12033
In base 9, what is -2 - 122?
-124
In base 12, what is 85 + 0?
85
In base 3, what is 222212 - -11?
1000000
In base 7, what is -63411 + 0?
-63411
In base 12, what is -41 + 1?
-40
In base 8, what is -2 - 232?
-234
In base 15, what is 1d4 + -39?
19a
In base 6, what is 3 - 130?
-123
In base 9, what is 41 + -12?
28
In base 12, what is -23 - -3?
-20
In base 3, what is 112110 - -20?
112200
In base 4, what is -10212 + -2?
-10220
In base 2, what is 100 - -100110110?
100111010
In base 4, what is 10 - 330?
-320
In base 12, what is 1 + 294?
295
In base 16, what is -345 - -5?
-340
In base 4, what is -103311 + -11?
-103322
In base 15, what is -5 - -227?
222
In base 12, what is -43a5 - -3?
-43a2
In base 15, what is 2e1 - 4?
2dc
In base 5, what is 1040 - -20?
1110
In base 3, what is 10 + 11020?
11100
In base 5, what is -4 + -24?
-33
In base 8, what is 304 + -50?
234
In base 10, what is -28 + -7?
-35
In base 2, what is -100000011 + 1?
-100000010
In base 11, what is -4 + 39?
35
In base 14, what is -16 + 18?
2
In base 5, what is 222 + 2?
224
In base 4, what is 113 - -120?
233
In base 4, what is -110121 - 2?
-110123
In base 6, what is -3 - 32?
-35
In base 3, what is 1010011 - 11?
1010000
In base 2, what is -100110 - 1110?
-110100
In base 2, what is 1100000001100 - -10?
1100000001110
In base 16, what is c6 + 0?
c6
In base 7, what is 6 - 2425?
-2416
In base 6, what is 11 + 444?
455
In base 3, what is -1121101 - 0?
-11